{"id":97,"date":"2016-11-22T17:36:52","date_gmt":"2016-11-22T16:36:52","guid":{"rendered":"http:\/\/www.ggwax.de\/bensen\/wp\/?page_id=97"},"modified":"2019-11-15T12:13:51","modified_gmt":"2019-11-15T11:13:51","slug":"ortsvorsteher","status":"publish","type":"page","link":"https:\/\/www.benhausen.com\/?page_id=97","title":{"rendered":"Ortsvorsteher"},"content":{"rendered":"<table>\n<tbody>\n<tr>\n<td><img loading=\"lazy\" decoding=\"async\" class=\"aligncenter wp-image-98 size-medium\" src=\"https:\/\/www.benhausen.com\/wp-content\/uploads\/2016\/11\/driller-258x300.jpg\" alt=\"driller\" width=\"258\" height=\"300\" srcset=\"https:\/\/www.benhausen.com\/wp-content\/uploads\/2016\/11\/driller-258x300.jpg 258w, https:\/\/www.benhausen.com\/wp-content\/uploads\/2016\/11\/driller-768x892.jpg 768w, https:\/\/www.benhausen.com\/wp-content\/uploads\/2016\/11\/driller-881x1024.jpg 881w, https:\/\/www.benhausen.com\/wp-content\/uploads\/2016\/11\/driller.jpg 1217w\" sizes=\"auto, (max-width: 258px) 100vw, 258px\" \/><\/td>\n<td>Franz Driller<br \/>\nHinter den Z\u00e4unen 36<br \/>\n33100 Paderborn<br \/>\nTelefon: 05252 932 293<\/td>\n<\/tr>\n<\/tbody>\n<\/table>\n<p>Der amtierende Ortsvorsteher Franz Driller ist seit 1999 im Amt und derzeit der dienst\u00e4lteste Ortsvorsteher innerhalb der Stadt Paderborn.<\/p>\n<p>Auf Initiative des Ortsvorstehers wurde im Jahre 2010 in Absprache mit den Benhauser Gremien der Benhauser Dorfrat e.V. gegr\u00fcndet. Im Gegensatz zu anderen Bundesl\u00e4ndern sieht die Gemeindeordnung NRW einen solchen Ortsrat nicht vor, so dass es sich um ein rein beratendes Gremium handelt. Die politischen Beschl\u00fcsse werden in den Aussch\u00fcssen und dem Rat der Stadt Paderborn gefasst. Der amtierende Ortsvorsteher verpflichtet sich jedoch in Zusammenarbeit mit dem Rat und der Verwaltung die Empfehlungen des Dorfrates als abgestimmtes Meinungsbild aus der \u201eMitte des Dorfes\u201c zur Grundlage seines Handelns zu machen.<\/p>\n<p>Um den g\u00fcltigen kommunalen Regeln Rechnung zu tragen und die nach der Gemeindeordnung \u00fcbertragenen Aufgaben erf\u00fcllen zu k\u00f6nnen, ist der amtierende Ortsvorsteher zugleich Vorsitzender des Dorfrates.<\/p>\n<p><strong>Auszug aus der Gemeindeordnung Nordrhein-Westfalen (GO NRW) \u00a7 39:<\/strong><\/p>\n<p>(<em>2) F\u00fcr jeden Gemeindebezirk sind vom Rat entweder Bezirksaussch\u00fcsse zu bilden oder Ortsvorsteher zu w\u00e4hlen. Der Rat kann beschlie\u00dfen dass der Ortsvorsteher die Bezeichnung Ortsb\u00fcrgermeister f\u00fchrt.<\/em><\/p>\n<p><em>(6) Ortsvorsteher w\u00e4hlt der Rat unter Ber\u00fccksichtigung des bei der Wahl des Rates im jeweiligen Gemeindebezirk erzielten Stimmenverh\u00e4ltnisses f\u00fcr die Dauer seiner Wahlperiode. Sie sollen in dem Bezirk, f\u00fcr den sie bestellt werden, wohnen und m\u00fcssen dem Rat angeh\u00f6ren oder angeh\u00f6ren k\u00f6nnen.<\/em><\/p>\n<p><em>(7) Der Ortsvorsteher soll die Belange seines Bezirkes gegen\u00fcber dem Rat wahrnehmen. <\/em><\/p>\n<p><em>Der Ortsvorsteher kann f\u00fcr das Gebiet seiner Ortschaft mit der Erledigung bestimmter Gesch\u00e4fte der laufenden Verwaltung beauftragt werden; er ist sodann zum Ehrenbeamten zu ernennen. Er f\u00fchrt diese Gesch\u00e4fte in Verantwortung gegen\u00fcber dem B\u00fcrgermeister durch. <\/em><\/p>\n<p><strong>Im Leitfaden der Stadt Paderborn f\u00fcr Ortsvorsteher werden die Aufgaben konkretisiert:<\/strong><\/p>\n<p><em>Zu den Aufgaben des Ortsvorstehers geh\u00f6rt es zun\u00e4chst, sich in Angelegenheiten des Ortsbezirkes mit Anregungen und Empfehlungen an den Rat, an Aussch\u00fcsse oder an den B\u00fcrgermeister zu wenden.<\/em><\/p>\n","protected":false},"excerpt":{"rendered":"<p>Franz Driller Hinter den Z\u00e4unen 36 33100 Paderborn Telefon: 05252 932 293 Der amtierende Ortsvorsteher Franz Driller ist seit 1999 im Amt und derzeit der dienst\u00e4lteste Ortsvorsteher innerhalb der Stadt Paderborn. Auf Initiative des Ortsvorstehers wurde im Jahre 2010 in Absprache mit den Benhauser Gremien der Benhauser Dorfrat e.V. gegr\u00fcndet. &hellip; <\/p>\n","protected":false},"author":1,"featured_media":0,"parent":0,"menu_order":0,"comment_status":"closed","ping_status":"closed","template":"","meta":{"footnotes":""},"class_list":["post-97","page","type-page","status-publish","hentry"],"_links":{"self":[{"href":"https:\/\/www.benhausen.com\/index.php?rest_route=\/wp\/v2\/pages\/97","targetHints":{"allow":["GET"]}}],"collection":[{"href":"https:\/\/www.benhausen.com\/index.php?rest_route=\/wp\/v2\/pages"}],"about":[{"href":"https:\/\/www.benhausen.com\/index.php?rest_route=\/wp\/v2\/types\/page"}],"author":[{"embeddable":true,"href":"https:\/\/www.benhausen.com\/index.php?rest_route=\/wp\/v2\/users\/1"}],"replies":[{"embeddable":true,"href":"https:\/\/www.benhausen.com\/index.php?rest_route=%2Fwp%2Fv2%2Fcomments&post=97"}],"version-history":[{"count":11,"href":"https:\/\/www.benhausen.com\/index.php?rest_route=\/wp\/v2\/pages\/97\/revisions"}],"predecessor-version":[{"id":780,"href":"https:\/\/www.benhausen.com\/index.php?rest_route=\/wp\/v2\/pages\/97\/revisions\/780"}],"wp:attachment":[{"href":"https:\/\/www.benhausen.com\/index.php?rest_route=%2Fwp%2Fv2%2Fmedia&parent=97"}],"curies":[{"name":"wp","href":"https:\/\/api.w.org\/{rel}","templated":true}]}}