{"id":429,"date":"2017-12-18T07:36:32","date_gmt":"2017-12-18T06:36:32","guid":{"rendered":"http:\/\/www.benhausen.com\/?page_id=429"},"modified":"2025-12-26T11:41:42","modified_gmt":"2025-12-26T10:41:42","slug":"ansprechpartner","status":"publish","type":"page","link":"https:\/\/www.benhausen.com\/?page_id=429","title":{"rendered":"Ansprechpartner"},"content":{"rendered":"<p><u>Benser B\u00f6rse<\/u><\/p>\n<p>Sandra Heiermeyer<\/p>\n<p><u>Caritas-Konferenz<\/u><\/p>\n<p>Ursula Krelaus, PB-Benhausen, Tel. 6279<\/p>\n<p><u>F\u00f6rderverein Benhauser Kinder e. V.<\/u><\/p>\n<p>Dr. Christoph Puls<\/p>\n<p>Telefon 0151\/24152920<\/p>\n<p><u>F\u00f6rderverein des Fu\u00dfballsports in Benhausen<\/u><\/p>\n<p>Frank Kerkemeyer, Hinter den Z\u00e4unen 6<\/p>\n<p>PB-Benhausen, Telefon 0151\/70004093<\/p>\n<p><u>F\u00f6rderverein des Musikvereins Benhausen<\/u><\/p>\n<p>Eckhard Heidloff, Thorenknick 55a<\/p>\n<p>PB-Benhausen, Mail: Eckard.Heidloff@t-online.de<\/p>\n<p><u>Freiwillige Feuerwehr<\/u><\/p>\n<p>Rainer Kleinn, Postweg 50<\/p>\n<p>PB-Benhausen, Telefon 933603<\/p>\n<p>Feuerwehrger\u00e4tehaus, Telefon 51326<\/p>\n<p><u>Grundschulverbund Benhausen-Neuenbeken<\/u><\/p>\n<p>Schulleiterin Marion K\u00fcting-Varges<\/p>\n<p>Teichweg 11, Telefon 6591<\/p>\n<p>Elternvertretung Standort Benhausen Katharina Lackmann<\/p>\n<p>Telefon 0176 32681668<\/p>\n<p><u>Benhauser Schulbetreuung<\/u><\/p>\n<p>Sylvia Emighausen,<\/p>\n<p><span style=\"color: #000000;\">Benser-Schulbetreuung@gmx.de<\/span><\/p>\n<p>PB-Benhausen, Telefon 0171\/3601367<\/p>\n<p><u>Kath. Kirchengemeinde St. Alexius<\/u><\/p>\n<p>Benhausen, Stadtweg 5<\/p>\n<p>Pfarrb\u00fcro, Telefon 931111<\/p>\n<p>Kirchenvorstand Markus Sch\u00e4fers 0176\/22905234<\/p>\n<p><u>Pfarrgemeinderat<\/u><\/p>\n<p>Karin Gillmann<\/p>\n<p>Tel.: 935730<\/p>\n<p><u>Kath. \u00f6ffentl. B\u00fccherei St. Alexius<\/u><\/p>\n<p>Ulrike Miks, Alexiusstr. 12<\/p>\n<p>PB-Benhausen<\/p>\n<p><u>Katholische Landjugend (KLJB)<\/u><\/p>\n<p>Lukas Sch\u00e4fers Tel.: 0176\/84677896<\/p>\n<p>Marian Sch\u00e4fers Tel.: 0176\/20216719<\/p>\n<p>Eggeblick 32, PB-Benhausen<\/p>\n<p><u>Kindertagesst\u00e4tte St. Josef<\/u><\/p>\n<p>Leitung Sylvia Mewes, Recksweg 5<\/p>\n<p>PB-Benhausen, Telefon 6218<\/p>\n<p><u>Kirchenchor St. Alexius<\/u><\/p>\n<p>Claudia Mues, Am Gottebach 50<\/p>\n<p>PB-Benhausen, Telefon 52302<\/p>\n<p><u>Kulturscheune Benhausen<\/u><\/p>\n<p>Eggestra\u00dfe 103, Telefon 53708<\/p>\n<p>Alexius Benteler, Telefon 940530<\/p>\n<p><u>Landfrauenverband Ortsgruppe Benhausen<\/u><\/p>\n<p>Cindy Vollmer-Halsband<\/p>\n<p>PB-Benhausen, Telefon 0167\/72700638<\/p>\n<p><u>Musikverein Benhausen<\/u><\/p>\n<p>Fabian Becker, PB Benhausen<\/p>\n<p>PB-Benhausen, Telefon 0176 43850933<\/p>\n<p><u>Ortsheimatpfleger<\/u><\/p>\n<p>Norbert Driller, Eggestra\u00dfe 71<\/p>\n<p>PB-Benhausen, Telefon 1053<\/p>\n<p><u>Ortschronist<\/u><\/p>\n<p>Ulrich Petermeier, Thorenknick 27,<\/p>\n<p>PB-Benhausen, Telefon 6199<\/p>\n<p><u>Ortsvorsteher \/ Dorfratsvorsitzender<\/u><\/p>\n<p>Vors. Stiftung Benhausen<\/p>\n<p>Franz Driller, Hinter den Z\u00e4unen 36<\/p>\n<p>PB-Benhausen, Telefon 932293<\/p>\n<p>B\u00fcro-Telefon 92943-0<\/p>\n<p><u>Scheune um 8<\/u><\/p>\n<p>Gregor Wichmann, Haidh\u00fcgel 28<\/p>\n<p>PB-Benhausen, Tel. 53729<\/p>\n<p><u>Schie\u00dfsportverein Benhausen e.V.<\/u><\/p>\n<p>Thomas Hoffmann, Haidh\u00fcgel 58<\/p>\n<p>PB-Benhausen<\/p>\n<p><u>Sportverein Blau-Wei\u00df Benhausen e.V. (SVB)<\/u><\/p>\n<p>Dr. Andreas M\u00fcller, Feldmeiersweg 9<\/p>\n<p>PB-Benhausen, Telefon 970744<\/p>\n<p>Sportheim-Benhausen, Telefon 2167<\/p>\n<p><u>Sch\u00fctzenverein Benhausen 1836 e.V.<\/u><\/p>\n<p>Norbert Glasmeyer<\/p>\n<p>Eggeblick 34<\/p>\n<p>PB-Benhausen, Telefon 0160 5814028<\/p>\n<p>Sch\u00fctzenhalle Benhausen Telefon 1659<\/p>\n<p><u>Landwirtschaftlicher Ortsverband<\/u><\/p>\n<p>Rainer Kleinn, Postweg 50<\/p>\n<p>PB-Benhausen, Telefon 933603<\/p>\n","protected":false},"excerpt":{"rendered":"<p>Benser B\u00f6rse Sandra Heiermeyer Caritas-Konferenz Ursula Krelaus, PB-Benhausen, Tel. 6279 F\u00f6rderverein Benhauser Kinder e. V. Dr. Christoph Puls Telefon 0151\/24152920 F\u00f6rderverein des Fu\u00dfballsports in Benhausen Frank Kerkemeyer, Hinter den Z\u00e4unen 6 PB-Benhausen, Telefon 0151\/70004093 F\u00f6rderverein des Musikvereins Benhausen Eckhard Heidloff, Thorenknick 55a PB-Benhausen, Mail: Eckard.Heidloff@t-online.de Freiwillige Feuerwehr Rainer Kleinn, Postweg &hellip; <\/p>\n","protected":false},"author":2,"featured_media":0,"parent":0,"menu_order":0,"comment_status":"closed","ping_status":"closed","template":"","meta":{"footnotes":""},"class_list":["post-429","page","type-page","status-publish","hentry"],"_links":{"self":[{"href":"https:\/\/www.benhausen.com\/index.php?rest_route=\/wp\/v2\/pages\/429","targetHints":{"allow":["GET"]}}],"collection":[{"href":"https:\/\/www.benhausen.com\/index.php?rest_route=\/wp\/v2\/pages"}],"about":[{"href":"https:\/\/www.benhausen.com\/index.php?rest_route=\/wp\/v2\/types\/page"}],"author":[{"embeddable":true,"href":"https:\/\/www.benhausen.com\/index.php?rest_route=\/wp\/v2\/users\/2"}],"replies":[{"embeddable":true,"href":"https:\/\/www.benhausen.com\/index.php?rest_route=%2Fwp%2Fv2%2Fcomments&post=429"}],"version-history":[{"count":27,"href":"https:\/\/www.benhausen.com\/index.php?rest_route=\/wp\/v2\/pages\/429\/revisions"}],"predecessor-version":[{"id":1490,"href":"https:\/\/www.benhausen.com\/index.php?rest_route=\/wp\/v2\/pages\/429\/revisions\/1490"}],"wp:attachment":[{"href":"https:\/\/www.benhausen.com\/index.php?rest_route=%2Fwp%2Fv2%2Fmedia&parent=429"}],"curies":[{"name":"wp","href":"https:\/\/api.w.org\/{rel}","templated":true}]}}